1 - 7a4?
1ab
In base 8, what is 567 - -20?
607
In base 10, what is 4445 + -13?
4432
In base 12, what is 6 + 1662?
1668
In base 6, what is 21241 - -111?
21352
In base 12, what is 32b + 24?
353
In base 8, what is 76251 + -54?
76175
In base 15, what is 1469 + 1a?
1484
In base 10, what is 1664062 - 5?
1664057
In base 14, what is 0 - -1b8b?
1b8b
In base 7, what is 20421 + 145?
20566
In base 8, what is 76 - 6313?
-6215
In base 12, what is -7 - -234a50?
234a45
In base 15, what is 1e + -7bd?
-79e
In base 2, what is -100 - -10011001111110000001?
10011001111101111101
In base 14, what is -9d + add?
a40
In base 8, what is 11 + -364?
-353
In base 9, what is -43 - -51?
7
In base 5, what is -441 - 4143?
-10134
In base 9, what is -1233 + 507?
-625
In base 4, what is 301 + 1333101?
2000002
In base 6, what is 10510 + -5131?
1335
In base 15, what is 659 + 59b?
c05
In base 7, what is 400 + 1252?
1652
In base 9, what is 4 - -107223?
107227
In base 7, what is 13 + -2223?
-2210
In base 16, what is -28c + 2?
-28a
In base 13, what is -4c - 2a197?
-2a216
In base 4, what is -230 + -22001?
-22231
In base 15, what is -32740c - -4?
-327408
In base 9, what is -4 - -307631?
307626
In base 15, what is 19ca + 2d?
1a08
In base 3, what is -1111 + -1210122?
-1212010
In base 11, what is 262193 + -5?
262189
In base 13, what is 9a02 - 5?
99ca
In base 4, what is -3111111 - 22?
-3111133
In base 6, what is 4212 + -1253?
2515
In base 8, what is 2 + -123603?
-123601
In base 10, what is -404 + 4862?
4458
In base 6, what is -5 + 52402?
52353
In base 11, what is 120 - -144?
264
In base 10, what is -1855 - 599?
-2454
In base 14, what is 15d82 + -c?
15d74
In base 15, what is 67 - -4b4?
52b
In base 6, what is 2 - 333440?
-333434
In base 9, what is 3 - 203845?
-203842
In base 13, what is -1ab - 162?
-340
In base 13, what is -474127 - 5?
-47412c
In base 5, what is -220030 + -204?
-220234
In base 2, what is 1100110001000010110111 - -101?
1100110001000010111100
In base 11, what is 10 - -1502a?
1503a
In base 10, what is -2969 + -169?
-3138
In base 8, what is 17175 - -4?
17201
In base 4, what is -211000 + -12003?
-223003
In base 4, what is -11 - -2123021?
2123010
In base 3, what is -1121 - -122?
-222
In base 9, what is -4 - -673?
668
In base 5, what is -32214441 - 1?
-32214442
In base 12, what is b9053 - 5?
b904a
In base 14, what is 19 - -8b9?
8d4
In base 2, what is 11 - 101100011011010110?
-101100011011010011
In base 5, what is 222 + -3034013?
-3033241
In base 7, what is 4121021 - -5?
4121026
In base 14, what is 0 - 194d?
-194d
In base 3, what is -11 - 120111210?
-120111221
In base 14, what is -28 + 1b42?
1b18
In base 6, what is -4030504 + -13?
-4030521
In base 13, what is -34673 + 1?
-34672
In base 3, what is -1011 - 202121?
-210202
In base 10, what is 42 - -42995?
43037
In base 10, what is 40 - -7735?
7775
In base 8, what is 10576 + 5?
10603
In base 11, what is -128021 - 4?
-128025
In base 6, what is 23553 - 3131?
20422
In base 15, what is 32b9 + -4?
32b5
In base 5, what is 34 + -30032?
-24443
In base 2, what is 0 - 10111100000111100?
-10111100000111100
In base 3, what is 20002002 - -110?
20002112
In base 4, what is 22 - -2111122?
2111210
In base 10, what is 8 - 224265?
-224257
In base 2, what is 11 - 11011110111000011?
-11011110111000000
In base 14, what is 3 + 3726?
3729
In base 15, what is 31 - -26d?
29e
In base 11, what is 1 + 22221?
22222
In base 12, what is 9 + a2026?
a2033
In base 5, what is 1433030 - 4?
1433021
In base 9, what is 13 + -2233?
-2220
In base 10, what is -57129 - -5?
-57124
In base 14, what is -a + 1685a?
16850
In base 12, what is -4007 - 0?
-4007
In base 6, what is 0 - -32311531?
32311531
In base 16, what is -5c + -29c?
-2f8
In base 15, what is -47d + a8a?
60c
In base 16, what is f8 - -43?
13b
In base 13, what is -806a0 + 4?
-80699
In base 15, what is 67e0 + 43?
6833
In base 15, what is 1060 - -59?
10b9
In base 10, what is 1191 + 386?
1577
In base 12, what is -32722 - -3?
-3271b
In base 5, what is 1120342 - 40?
1120302
In base 16, what is -4638e - 4?
-46392
In base 2, what is 1000 - 11010110000111?
-11010101111111
In base 2, what is -10111110000110 - 111?
-10111110001101
In base 4, what is -130033211 + 13?
-130033132
In base 12, what is 7a6 + -8?
79a
In base 10, what is -24 + -1424?
-1448
In base 8, what is 5 + -524253?
-524246
In base 12, what is 1756 + 435?
1b8b
In base 14, what is -a123c - -15?
-a1227
In base 10, what is -2 - 1678?
-1680
In base 14, what is 52486 - -5?
5248b
In base 16, what is -54 - -192?
13e
In base 9, what is -2082 + -2?
-2084
In base 5, what is 10342143201 - 0?
10342143201
In base 9, what is 1704 + 17?
1722
In base 2, what is -1001100110011111000 + 10?
-1001100110011110110
In base 5, what is -111032 + 1224?
-104303
In base 10, what is 4 - 87?
-83
In base 14, what is 4 - 610ac?
-610a8
In base 2, what is -110111000010100 + 11?
-110111000010001
In base 12, what is -4 - 17793?
-17797
In base 7, what is -16 - 114316?
-114335
In base 2, what is 10 + 1101001000100011?
1101001000100101
In base 10, what is -54 + 1690?
1636
In base 11, what is 374208 + -4?
374204
In base 15, what is 3 - 61a?
-617
In base 2, what is 1110010000111010 + -10001?
1110010000101001
In base 16, what is -1 + -59f16?
-59f17
In base 2, what is -1 + -1011110010110?
-1011110010111
In base 9, what is 55216 + -64?
55142
In base 6, what is 120 - -15405?
15525
In base 16, what is f62b - 5?
f626
In base 3, what is -1012 + -10000220?
-10002002
In base 14, what is 2 - -19d2?
19d4
In base 9, what is -18 + -207674?
-207703
In base 3, what is 10202211 + 20?
10210001
In base 13, what is -385 - -813?
45b
In base 2, what is -101000111 - 10011100001?
-11000101000
In base 2, what is 1000010 + 1111010111010?
1111011111100
In base 4, what is 10 - -11021312?
11021322
In base 8, what is -7673413 - -2?
-7673411
In base 6, what is 14021332 + -2?
14021330
In base 14, what is 84 - -12a?
1b0
In base 5, what is -1042232 - 2?
-1042234
In base 10, what is 0 - -63235?
63235
In base 9, what is 180 - 211?
-21
In base 16, what is 144 - -11d?
261
In base 15, what is -4 + e1ce9?
e1ce5
In base 14, what is 5 - 12a21d?
-12a218
In base 7, what is 130512 + -1?
130511
In base 10, what is 150898 - 8?
150890
In base 2, what is -1011000010 - 110?
-1011001000
In base 8, what is 14331 - -10?
14341
In base 15, what is -129c0 + 3?
-129bc
In base 12, what is -1291 - 6?
-1297
In base 12, what is 32 - -6a5?
717
In base 7, what is 5 - 5110413?
-5110405
In base 3, what is 11021001 - -1100?
11022101
In base 15, what is 1 + -3d85?
-3d84
In base 4, what is 101001311 - 0?
101001311
In base 16, what is -17 + -d74?
-d8b
In base 16, what is 16 - -26f?
285
In base 13, what is a6233 + 1?
a6234
In base 16, what is -51 - -ab?
5a
In base 14, what is -3 + 56314?
56311
In base 16, what is 8 + 35b0e?
35b16
In base 2, what is 111 - 111101111101001?
-111101111100010
In base 3, what is -222011202 + -2001?
-222020210
In base 12, what is 87b0 - -19?
8809
In base 14, what is -382 - 1?
-383
In base 7, what is 101 + -3254?
-3153
In base 8, what is -3 + 2042?
2037
In base 9, what is -620433 - -5?
-620427
In base 4, what is 132132 - 2?
132130
In base 8, what is 1503 - -6572?
10275
In base 8, what is -60 - -536?
456
In base 11, what is 921 - -43?
964
In base 2, what is -1110 + 100100001000011?
100100000110101
In base 9, what is 3 - -22532?
22535
In base 3, what is -2122 - -111221?
102022
In base 4, what is -10 + 1010012332?
1010012322
In base 8, what is -10640 + -4?
-10644
In base 2, what is -1011 + -101001111000?
-101010000011
In base 14, what is -46 - 172?
-1b8
In base 10, what is 0 - 7366?
-7366
In base 7, what is 2 + 2346032?
2346034
In base 7, what is -30 - -10511?
10451
In base 12, what is 620a7 - 4?
620a3
In base 9, what is -20 + 1822?
1802
In base 11, what is 3 + -14791?
-14789
In base 12, what is -7 - -21aa9?
21aa2
In base 13, what is -58268 + 3?
-58265
In base 3, what is 10112021112 - -12?
10112021201
In base 10, what is 3081 - 6?
3075
In base 4, what is -2320233 + -123?
-2321022
In base 3, what is 1 - -1002020221?
1002020222
In base 16, what is -280d4 + 5?
-280cf
In base 5, what is 13413320 + -2?
13413313
In base 8, what is 25414 - -2?
25416
In base 15, what is -1985 - -9c?
-18d8
In base 15, what is -50d + -7a?
-588
In base 12, what is 40b31 - 5?
40b